{"id":4421,"date":"2025-03-28T13:11:12","date_gmt":"2025-03-28T12:11:12","guid":{"rendered":"https:\/\/transfer-personal.com\/?page_id=4421"},"modified":"2025-05-22T11:36:02","modified_gmt":"2025-05-22T09:36:02","slug":"personalmanagerin","status":"publish","type":"page","link":"https:\/\/transfer-personal.com\/en\/karriere-bei-transfer\/personalmanagerin\/","title":{"rendered":"Karriere bei TRANSFER &#8211; Personalmanager\/in"},"content":{"rendered":"<div class=\"wp-block-group alignfull has-global-padding is-layout-constrained wp-block-group-is-layout-constrained\" style=\"padding-top:var(--wp--preset--spacing--40);padding-bottom:var(--wp--preset--spacing--40)\">\n<div class=\"wp-block-columns alignwide is-layout-flex wp-container-core-columns-is-layout-14cf5ab5 wp-block-columns-is-layout-flex\">\n<div class=\"wp-block-column is-layout-flow wp-block-column-is-layout-flow\" style=\"flex-basis:66.66%\">\n<h2 class=\"wp-block-heading has-accent-2-color has-text-color has-link-color wp-elements-721757fb1fd51050613551858393283b\"><mark style=\"background-color:#E20427\" class=\"has-inline-color has-base-2-color\">Personnel Manager<\/mark><\/h2>\n\n\n\n<p>As a <strong>TRANSFER PERSONNEL MANAGER<\/strong> you act as the main contact for both clients and staff. You develop individually tailored staffing solutions and match customer requirements with the talents of our staff. You support the staff throughout their entire employment journey \u2013 from job search to the end of their assignment \u2013 thereby boosting the competitiveness of our clients and the employment prospects of our staff.<\/p>\n\n\n\n<p>At the <strong>TRANSFER Academy<\/strong> you will gain professional know-how and a sense of social responsibility for your diverse role.<\/p>\n\n\n\n<p>Key Competences<\/p>\n\n\n\n<ul class=\"wp-block-list\">\n<li>Customer acquisition and Relationship Management<\/li>\n\n\n\n<li>Marketing und Communication<\/li>\n\n\n\n<li>Cost Estimation and Contract Law<\/li>\n\n\n\n<li>Recruiting, Hiring and Supporting of Staff<\/li>\n\n\n\n<li>Labor Law and Payroll Accounting<\/li>\n\n\n\n<li>Social Policy, Employment for foreign nationals<\/li>\n<\/ul>\n\n\n\n<p><strong>Interested?<\/strong>&nbsp;Send your application to: <a href=\"mailto:bewerbung-intern@transfer.co.at\"><font color=\"#E20427\">bewerbung-intern@transfer.co.at<\/font><\/a><\/p>\n\n\n\n<p><a href=\"https:\/\/transfer-personal.com\/en\/karriere-bei-transfer\/\" data-type=\"page\" data-id=\"3566\">BACK<\/a><\/p>\n<\/div>\n\n\n\n<div class=\"wp-block-column is-layout-flow wp-block-column-is-layout-flow\" style=\"flex-basis:33.33%\">\n<figure class=\"wp-block-image size-full\"><img alt=\"\" loading=\"lazy\" decoding=\"async\" width=\"1824\" height=\"2560\" src=\"https:\/\/transfer-personal.com\/wp-content\/uploads\/2025\/04\/business-woman-standing-with-her-staff-conference-scaled.jpg\" class=\"wp-image-4539\" srcset=\"https:\/\/transfer-personal.com\/wp-content\/uploads\/2025\/04\/business-woman-standing-with-her-staff-conference-scaled.jpg 1824w, https:\/\/transfer-personal.com\/wp-content\/uploads\/2025\/04\/business-woman-standing-with-her-staff-conference-214x300.jpg 214w, https:\/\/transfer-personal.com\/wp-content\/uploads\/2025\/04\/business-woman-standing-with-her-staff-conference-730x1024.jpg 730w, https:\/\/transfer-personal.com\/wp-content\/uploads\/2025\/04\/business-woman-standing-with-her-staff-conference-768x1078.jpg 768w, https:\/\/transfer-personal.com\/wp-content\/uploads\/2025\/04\/business-woman-standing-with-her-staff-conference-1095x1536.jpg 1095w, https:\/\/transfer-personal.com\/wp-content\/uploads\/2025\/04\/business-woman-standing-with-her-staff-conference-1459x2048.jpg 1459w, https:\/\/transfer-personal.com\/wp-content\/uploads\/2025\/04\/business-woman-standing-with-her-staff-conference-9x12.jpg 9w, https:\/\/transfer-personal.com\/wp-content\/uploads\/2025\/04\/business-woman-standing-with-her-staff-conference-380x533.jpg 380w, https:\/\/transfer-personal.com\/wp-content\/uploads\/2025\/04\/business-woman-standing-with-her-staff-conference-420x589.jpg 420w, https:\/\/transfer-personal.com\/wp-content\/uploads\/2025\/04\/business-woman-standing-with-her-staff-conference-680x954.jpg 680w, https:\/\/transfer-personal.com\/wp-content\/uploads\/2025\/04\/business-woman-standing-with-her-staff-conference-980x1375.jpg 980w\" sizes=\"auto, (max-width: 1824px) 100vw, 1824px\" \/><\/figure>\n<\/div>\n<\/div>\n<\/div>","protected":false},"excerpt":{"rendered":"<p>Personalmanager\/in Als TRANSFER PERSONALMANAGER\/IN sind Sie Ansprechpartner\/in f\u00fcr Kunden und MitarbeiterInnen. Sie entwickeln ma\u00dfgeschneiderte Personall\u00f6sungen und verbinden die Anforderungen der Kunden mit den Talenten unserer MitarbeiterInnen. Sie betreuen MitarbeiterInnen von der Jobsuche bis zum Ende der Besch\u00e4ftigung und steigern so die Wettbewerbsf\u00e4higkeit der Kunden und die Besch\u00e4ftigungschancen. In der TRANSFER Akademie erhalten Sie fachliches Know-how [&hellip;]<\/p>","protected":false},"author":6,"featured_media":0,"parent":3566,"menu_order":0,"comment_status":"closed","ping_status":"closed","template":"","meta":{"_acf_changed":false,"_seopress_robots_primary_cat":"","_seopress_titles_title":"","_seopress_titles_desc":"","_seopress_robots_index":"","footnotes":""},"class_list":["post-4421","page","type-page","status-publish","hentry"],"acf":[],"_links":{"self":[{"href":"https:\/\/transfer-personal.com\/en\/wp-json\/wp\/v2\/pages\/4421","targetHints":{"allow":["GET"]}}],"collection":[{"href":"https:\/\/transfer-personal.com\/en\/wp-json\/wp\/v2\/pages"}],"about":[{"href":"https:\/\/transfer-personal.com\/en\/wp-json\/wp\/v2\/types\/page"}],"author":[{"embeddable":true,"href":"https:\/\/transfer-personal.com\/en\/wp-json\/wp\/v2\/users\/6"}],"replies":[{"embeddable":true,"href":"https:\/\/transfer-personal.com\/en\/wp-json\/wp\/v2\/comments?post=4421"}],"version-history":[{"count":11,"href":"https:\/\/transfer-personal.com\/en\/wp-json\/wp\/v2\/pages\/4421\/revisions"}],"predecessor-version":[{"id":5226,"href":"https:\/\/transfer-personal.com\/en\/wp-json\/wp\/v2\/pages\/4421\/revisions\/5226"}],"up":[{"embeddable":true,"href":"https:\/\/transfer-personal.com\/en\/wp-json\/wp\/v2\/pages\/3566"}],"wp:attachment":[{"href":"https:\/\/transfer-personal.com\/en\/wp-json\/wp\/v2\/media?parent=4421"}],"curies":[{"name":"wp","href":"https:\/\/api.w.org\/{rel}","templated":true}]}}

<p>Personalmanager/in Als TRANSFER PERSONALMANAGER/IN sind Sie Ansprechpartner/in für Kunden und MitarbeiterInnen. Sie entwickeln maßgeschneiderte Personallösungen und verbinden die Anforderungen der Kunden mit den Talenten unserer MitarbeiterInnen. Sie betreuen MitarbeiterInnen von der Jobsuche bis zum Ende der Beschäftigung und steigern so die Wettbewerbsfähigkeit der Kunden und die Beschäftigungschancen. In der TRANSFER Akademie erhalten Sie fachliches Know-how [&hellip;]</p>
